e
Is 4450 a multiple of 89?
True
Is 71 a factor of 32357?
False
Is 19519 a multiple of 72?
False
Is 4203 a multiple of 3?
True
Does 8 divide 3102?
False
Is 10 a factor of 7670?
True
Is 612 a multiple of 36?
True
Is 11781 a multiple of 39?
False
Does 94 divide 118?
False
Does 14 divide 9352?
True
Is 42923 a multiple of 111?
False
Does 12 divide 1370?
False
Is 1176 a multiple of 14?
True
Does 50 divide 50?
True
Does 110 divide 22137?
False
Is 3 a factor of 2159?
False
Is 1274 a multiple of 13?
True
Does 49 divide 17830?
False
Does 55 divide 165?
True
Is 8162 a multiple of 11?
True
Is 58 a factor of 493?
False
Does 15 divide 16969?
False
Is 19 a factor of 14432?
False
Is 16118 a multiple of 38?
False
Does 44 divide 1641?
False
Does 3 divide 9121?
False
Does 48 divide 87?
False
Does 11 divide 3349?
False
Is 3 a factor of 4266?
True
Is 13 a factor of 1313?
True
Is 44 a factor of 835?
False
Is 4 a factor of 229?
False
Is 32248 a multiple of 58?
True
Does 15 divide 540?
True
Does 10 divide 1971?
False
Does 6 divide 328?
False
Is 9 a factor of 8262?
True
Is 66 a factor of 14118?
False
Does 56 divide 4907?
False
Is 6426 a multiple of 119?
True
Is 10750 a multiple of 215?
True
Does 55 divide 1485?
True
Does 4 divide 5406?
False
Is 2466 a multiple of 54?
False
Is 23864 a multiple of 9?
False
Does 38 divide 4536?
False
Does 15 divide 1029?
False
Does 9 divide 819?
True
Is 7116 a multiple of 15?
False
Does 27 divide 837?
True
Does 48 divide 3936?
True
Is 5 a factor of 23460?
True
Does 44 divide 546?
False
Does 74 divide 639?
False
Is 15207 a multiple of 7?
False
Is 103 a multiple of 103?
True
Does 14 divide 196?
True
Is 68 a factor of 2767?
False
Does 31 divide 403?
True
Is 915 a multiple of 47?
False
Is 9486 a multiple of 18?
True
Does 78 divide 909?
False
Does 13 divide 2815?
False
Is 12960 a multiple of 12?
True
Is 5289 a multiple of 13?
False
Is 7 a factor of 14217?
True
Does 71 divide 3033?
False
Is 157 a factor of 5966?
True
Is 19 a factor of 3274?
False
Does 26 divide 11711?
False
Does 150 divide 8063?
False
Is 47 a factor of 24390?
False
Is 10256 a multiple of 128?
False
Does 76 divide 25513?
False
Is 2950 a multiple of 28?
False
Does 8 divide 288?
True
Does 88 divide 3078?
False
Is 1368 a multiple of 36?
True
Is 199 a factor of 9552?
True
Does 33 divide 497?
False
Does 46 divide 4198?
False
Is 10 a factor of 400?
True
Is 22 a factor of 6292?
True
Does 19 divide 5263?
True
Does 29 divide 26117?
False
Does 19 divide 24130?
True
Is 173 a multiple of 163?
False
Is 34627 a multiple of 18?
False
Is 31648 a multiple of 32?
True
Does 17 divide 629?
True
Is 86 a multiple of 5?
False
Is 26 a factor of 77004?
False
Is 39 a factor of 164?
False
Is 5538 a multiple of 39?
True
Does 75 divide 50792?
False
Does 206 divide 78521?
False
Is 76830 a multiple of 26?
True
Is 645 a multiple of 15?
True
Is 50 a factor of 2291?
False
Is 168 a factor of 3864?
True
Is 4000 a multiple of 25?
True
Is 10500 a multiple of 70?
True
Is 2415 a multiple of 49?
False
Is 24 a factor of 3960?
True
Is 129 a factor of 2444?
False
Is 6501 a multiple of 11?
True
Does 8 divide 9960?
True
Is 522 a multiple of 58?
True
Is 1195 a multiple of 11?
False
Does 66 divide 1964?
False
Is 678 a multiple of 6?
True
Does 15 divide 587?
False
Is 36300 a multiple of 75?
True
Is 1736 a multiple of 4?
True
Is 10 a factor of 1900?
True
Is 22061 a multiple of 217?
False
Is 6 a factor of 7589?
False
Is 14 a multiple of 14?
True
Is 16 a factor of 2546?
False
Does 123 divide 738?
True
Does 6 divide 10673?
False
Does 82 divide 17876?
True
Does 42 divide 952?
False
Is 235 a factor of 28132?
False
Does 5 divide 8636?
False
Is 3102 a multiple of 47?
True
Does 2 divide 27?
False
Does 56 divide 5839?
False
Is 4709 a multiple of 31?
False
Is 7673 a multiple of 5?
False
Is 38 a factor of 63803?
False
Is 29377 a multiple of 20?
False
Does 35 divide 735?
True
Does 9 divide 99?
True
Is 305 a factor of 143045?
True
Is 834 a multiple of 12?
False
Is 85170 a multiple of 85?
True
Does 10 divide 190?
True
Is 13 a factor of 689?
True
Does 5 divide 149?
False
Is 95 a factor of 45467?
False
Is 69 a multiple of 3?
True
Does 75 divide 49050?
True
Is 1220 a multiple of 9?
False
Is 9576 a multiple of 24?
True
Is 21 a factor of 5208?
True
Does 52 divide 48224?
False
Is 56 a factor of 3864?
True
Does 30 divide 71?
False
Is 421 a multiple of 36?
False
Is 3004 a multiple of 27?
False
Is 13 a factor of 47580?
True
Is 108 a multiple of 4?
True
Is 2366 a multiple of 31?
False
Is 52 a factor of 8621?
False
Is 9 a factor of 29872?
False
Is 243 a multiple of 3?
True
Does 12 divide 252?
True
Is 21 a factor of 80136?
True
Is 243 a multiple of 21?
False
Does 29 divide 262?
False
Is 38068 a multiple of 72?
False
Is 8 a factor of 48704?
True
Does 16 divide 59952?
True
Is 4202 a multiple of 81?
False
Does 67 divide 30619?
True
Is 1777 a multiple of 57?
False
Does 18 divide 2151?
False
Is 6 a factor of 402?
True
Is 7463 a multiple of 23?
False
Is 2475 a multiple of 3?
True
Is 207 a multiple of 12?
False
Is 8 a factor of 2075?
False
Does 15 divide 1032?
False
Is 6 a factor of 479?
False
Does 4 divide 1113?
False
Is 11997 a multiple of 76?
False
Does 23 divide 529?
True
Is 9 a factor of 60?
False
Is 11146 a multiple of 28?
False
Is 945 a multiple of 39?
False
Is 45 a factor of 35235?
True
Does 39 divide 5497?
False
Is 204 a multiple of 31?
False
Is 589 a multiple of 101?
False
Is 98 a factor of 786?
False
Is 58890 a multiple of 6?
True
Is 32400 a multiple of 200?
True
Does 18 divide 8258?
False
Does 112 divide 1090?
False
Does 9 divide 1441?
False
Is 5940 a multiple of 44?
True
Is 3237 a multiple of 13?
True
Is 935 a multiple of 80?
False
Is 32 a factor of 320?
True
Is 27 a factor of 1053?
True
Does 19 divide 110789?
True
Does 26 divide 17810?
True
Is 1340 a multiple of 20?
True
Is 39 a factor of 390?
True
Is 10040 a multiple of 40?
True
Is 364 a multiple of 21?
False
Is 368 a multiple of 46?
True
Is 16750 a multiple of 21?
False
Is 77 a factor of 21175?
True
Does 17 divide 5259?
False
Is 36 a factor of 1320?
False
Does 15 divide 4262?
False
Is 58 a factor of 2031?
False
Is 10539 a multiple of 27?
False
Is 94 a factor of 24772?
False
Does 35 divide 1330?
True
Is 1552 a multiple of 16?
True
Is 36 a factor of 900?
True
Is 1050 a multiple of 42?
True
Is 11 a factor of 352?
True
Is 2142 a multiple of 34?
True
Is 232 a multiple of 8?
True
Is 43296 a multiple of 132?
True
Is 2 a factor of 3292?
True
Is 18 a factor of 18?
True
Is 168 a multiple of 14?
True
Is 221 a multiple of 25?
False
Does 9 divide 72?
True
Is 8 a factor of 649?
False
Is 8184 a multiple of 79?
False
Is 6482 a multiple of 10?
False
Is 18565 a multiple of 201?
False
Is 228 a multiple of 2?
True
Is 29 a factor of 232?
True
Is 424 a multiple of 4?
True
Does 11 divide 14454?
True
Does 3 divide 319?
False
Is 182 a factor of 14378?
True
Is 46 a factor of 1334?
True
Is 224 a multiple of 7?
True
Is 138 a factor of 17250?
True
Is 2129 a multiple of 3?
False
Does 5 divide 1265?
True
Does 37 divide 703?
True
Is 302 a factor of 24786?
False
Is 26 a factor of 732?
False
Is 374 a multiple of 74?
False
Does 11 divide 3033?
False
Does 59 divide 23659?
True
Is 740 a multiple of 20?
True
Is 24004 a multiple of 34?
True
Does 24 divide 3096?
True
Does 9 divide 676?
False
Is 1188 a multiple of 33?
True
Is 19 a factor of 7513?
False
Does 63 divide 3977?
False
Is 12 a factor of 290?
False
Does 64 divide 1216?
True
Is 46 a factor of 69548?
False
Is 273 a multiple of 4?
False
Does 32 divide 5097?
False
Does 157 divide 34756?
False
Does 8 divide 264?
True
Does 28 divide 2765?
False
Does 62 divide 13273?
False
Does 106 divide 59466?
True
Is 10 a factor of 205?
False
Does 168 divide 18480?
True
Does 172 divide 15308?
True
Is 39 a factor of 7496?
False
Is 1656 a multiple of 9?
True
Is 44 a factor of 4245?
False
Is 24 a factor of 912?
True
Is 63 a factor of 1827?
True
Is 2200 a multiple of 10?
True
Is 6 a factor of 624?
True
Is 1769 a multiple of 9?
False
Is 17 a factor of 498?
False
Is 3592 a multiple of 4?
True
Is 8294 a multiple of 26?
True
Is 14 a factor of 266?
True
Is 39078 a multiple of 18?
True
Is 5225 a multiple of 25?
True
Is 12 a factor of 518?
False
Is 318 a multiple of 4?
False
Is 208 a multiple of 26?
